se -187*w = -191*w. Let r(z) = 7*z**2 + 2*z + 60. Let n be r(w). Calculate the highest common factor of n and 100.
20
Suppose 195 = -8*i - 181. Let r = -72 - i. Let b be (12/(-10))/(1/r) - 2. What is the highest common factor of b and 70?
14
Let g(u) = u**2 - 5*u - 45. Let r = 247 - 235. Let n be g(r). What is the highest common divisor of 741 and n?
39
Let l be (((-912)/(-95))/8)/((-6)/(-200)*2). Calculate the highest common divisor of 284 and l.
4
Let c(j) = -2110*j**3 - 61*j**2 - 126*j - 8. Let h be c(-2). Calculate the highest common factor of 80 and h.
80
Suppose -3*w + 55 = 46, 0 = -g - w + 53. Calculate the greatest common divisor of g and 20.
10
Let x be ((-8)/(-12))/(4/(-3)) + (-186)/(-12). What is the highest common divisor of x and 21?
3
Suppose -12822 = -1274*i + 4599 + 15703. Suppose -3*x - 3*b = -4*b - 1210, 0 = 2*x + b - 805. What is the greatest common factor of x and i?
13
Suppose -5*u + 20 = 0, 350 = 2*d - 2*u - u. What is the highest common factor of d and 5611?
181
Let t = -50 + 198. Let u(g) = g. Let s(q) = 10*q - 2. Let v(i) = -s(i) + 5*u(i). Let o be v(-7). Calculate the greatest common factor of o and t.
37
Suppose -88 = -2*v - 2*t, 14*t - 198 = -23*v + 20*v. What is the greatest common divisor of 18 and v?
2
Suppose 21*i + 56 = 22*i + 4*d, -4*d = -i + 24. Calculate the greatest common divisor of i and 7840.
40
Suppose -2*m = k - 143, m + 5*k = -55 + 77. Suppose 4*w - 4*c - 148 = 0, c + 73 = 3*w - 30. Calculate the greatest common divisor of w and m.
11
Suppose 4*x = b + 9354, x - 2048 - 294 = 2*b. Calculate the greatest common factor of x and 14.
14
Let m = -99 + 93. Let i be m*(3 + -6) - -3. Calculate the highest common divisor of i and 77.
7
Let v be 4/20 + ((-16)/(-10))/2. Let m be 97 + (v - -5) + -13. Calculate the greatest common factor of m and 10.
10
Let g be (-8)/5*6/12*-10. Suppose 3*c - 1 = -2*j + g, 0 = -2*c + 5*j - 13. Calculate the greatest common factor of c and 13.
1
Let g(r) = 11*r**2 - 30*r + 30. Let k be g(1). Let p be 3 + -1 + 2/((-4)/(-62)). Calculate the greatest common factor of k and p.
11
Let w be 176/132*6/8. Suppose 2*d = -2*d. Let l be d/(-5) + (w - -1). Calculate the greatest common divisor of l and 22.
2
Suppose b = 5*v + 966, 3921 = 4*b - 6*v + 5*v. Suppose 0 = -3*z - 5*k + b, -518 - 433 = -3*z + 5*k. Calculate the highest common factor of z and 14.
14
Let b = 4788 - 4626. Suppose -2*a + 31 = w, -5*a + 4*w + 7 = -77. Let i be a/(-6)*81/(-12). What is the greatest common factor of i and b?
18
Let s(u) = 3*u**2 - 26*u - 10. Let d be s(9). Let v(c) = 44*c**2 + 15*c + 15. Let o be v(d). Calculate the highest common divisor of o and 22.
22
Let t be (-14)/(168/(-45)) + 6/(-8). Let n be (t/(-4))/((-21)/196). What is the greatest common divisor of n and 21?
7
Let a be (281/2)/((-31)/62)*-1. Let t = a + -273. Let i(s) = 18*s - 4. Let y be i(6). Calculate the greatest common factor of t and y.
8
Let c = -191 + 276. Let j = 236504 - 236402. Calculate the highest common divisor of j and c.
17
Suppose 0 = -3*g + 13 + 35. Let c(u) be the first derivative of -u**2/2 + 4*u - 28. Let x be c(-20). What is the greatest common divisor of x and g?
8
Let t(u) = 1349*u**3 - 5*u**2 + 14*u - 20. Let c be t(2). What is the highest common factor of 44 and c?
44
Let h be 2*(-46)/(-14) + (-180)/315. Let d = 2 + h. Suppose 0 = -d*j + 1226 + 1438. Calculate the highest common divisor of 37 and j.
37
Suppose -2*y + 4*m - 4 = -0*m, -4*y + 5*m + 1 = 0. Suppose -y*g + 32 = -5*g. Let t = -5 - g. What is the highest common factor of 9 and t?
9
Let a(t) = -t**3 + 8*t**2 + 4*t + 56. Let z be a(9). Suppose -u - 583 = -2*u. Calculate the highest common divisor of u and z.
11
Suppose -3*z + 156 = -2*n, -n - 177 = -z - 122. What is the highest common divisor of z and 4117?
23
Let u = -169 - -390. Let m be (-170)/(-55)*(-55)/(-10). Calculate the greatest common divisor of u and m.
17
Let k = -109 - -274. Calculate the highest common divisor of k and 1188.
33
Let m(y) = 337*y - 100. Let o be m(-2). Let x be o/(-63) - (16/(-28))/(-2). What is the greatest common factor of 32 and x?
4
Suppose -22*j + 20*j + 4*r + 590 = 0, 3*j = 2*r + 913. What is the highest common divisor of j and 515?
103
Suppose 25*b - 42 = 8. Suppose b*h + h = -2*a + 172, -3*h = -3*a - 192. Let w = 16 - 11. What is the highest common divisor of h and w?
5
Let r be 15/2*(-84)/(-35). Let m = -951 + 1014. Calculate the highest common factor of r and m.
9
Let v be (-1)/((4 + -3)/(-73)). Let p = 86 - v. Calculate the highest common divisor of 689 and p.
13
Let t be (-113)/(-5) + 4/10. Let r be 190 + (-240 - -182) - (0 - 29). Calculate the highest common divisor of r and t.
23
Suppose -5*u = -2*d - 301, 47*u = 52*u + 2*d - 269. What is the greatest common factor of 152 and u?
19
Suppose 0 = 5*p + 356 - 1111. Suppose -3*l - 4*a + 131 = 0, -l + a + p = 2*l. What is the highest common factor of l and 441?
49
Let w(p) = -919*p + 351. Let t be w(-3). Calculate the greatest common divisor of 21 and t.
21
Let f(y) = 75*y**3 + 4*y**2 + 7*y - 49. Let b be f(4). What is the greatest common divisor of b and 116?
29
Suppose -52*u + 4*u = -3*u - 1485. Suppose -4*n - 205 = -9*n. Suppose 0 = -h + 256 + n. What is the greatest common divisor of h and u?
33
Let b(f) = 158 - 3*f**2 + 220 + 139 - 3*f. Let g be b(0). Calculate the highest common divisor of g and 47.
47
Suppose -3*v = -2*d + 21611, 43277 = 4*d - 28*v + 33*v. What is the highest common factor of d and 22?
11
Let o(j) = j**3 + 9*j**2 - 10*j - 47. Let b be o(-9). Calculate the highest common factor of 8471 and b.
43
Suppose -m + 98 = -20. Let k = m - 145. Let c = 31 + k. Calculate the highest common factor of 14 and c.
2
Let t = 2944 + -2894. Calculate the greatest common divisor of t and 1180.
10
Suppose 215*t + 85 = 19435. What is the highest common factor of t and 2925?
45
Let w = -18 - 4. Let n = w + 26. Suppose -44 = -4*l - j - 0*j, 26 = l + n*j. Calculate the greatest common factor of 2 and l.
2
Let q be 78*3 - (2 + 1). Let j be ((-114)/190 + 87/(-30))*(-5 - 1). Calculate the greatest common factor of q and j.
21
Suppose 119*i - 224*i + 866775 = 0. What is the greatest common divisor of i and 65?
65
Let h be (-2)/(-3)*-3 - 27/(621/(-115)). Calculate the highest common divisor of h and 101.
1
Let i = 1708 - 1429. Calculate the greatest common factor of 682 and i.
31
Let g = -154 - -151. Let a be 21/g + (-528)/(-11). What is the greatest common factor of a and 82?
41
Let a = -44 + 136. Suppose 0*c - 2*c + 2*r + 1270 = 0, 4*r - 1877 = -3*c. Let l = 654 - c. What is the greatest common divisor of a and l?
23
Let b = 6112 - 5000. Calculate the highest common factor of b and 8.
8
Suppose 11*a = -570 - 145. Let n be (-10 + 5)*-1 - (a + 5). What is the highest common factor of n and 1105?
65
Let a = 11753 - 11749. What is the greatest common factor of a and 186?
2
Let i(n) = 21*n + 25. Let y be (2 + -3)/((-49)/(-7) + -6). Let d be i(y). Suppose -2*u = -4*u + 32. Calculate the highest common divisor of u and d.
4
Suppose 822 = 4*v + 182. Let g be 96/(-20)*(-100)/15. What is the highest common divisor of g and v?
32
Suppose -4*n = -y - 505, -2*n - 1 = -n. Let h = 553 + y. Calculate the greatest common factor of 748 and h.
44
Suppose -5*k = 101 - 111. Suppose -3*y = 3*a - 183, y - 142 = -k*a + 3*y. Let j = a + -38. Calculate the highest common divisor of j and 7.
7
Let t be -1 + (-8 + 51/(-9))*1*-3. Calculate the greatest common factor of t and 530.
10
Suppose -19*f + 14*f + 2*g + 371 = 0, 3*g = 3*f - 219. Let c(k) = k**2 + 5*k - 4. Let z be c(3). Let x = z - 5. Calculate the greatest common factor of x and f.
15
Suppose -31 + 10 = -3*a. Let d be 1/2 + a/2. Let v be 38/2 - (23 - 16). What is the highest common divisor of d and v?
4
Let z(s) = 72*s - 27. Let w be z(9). Let o = w - 471. What is the highest common factor of o and 45?
15
Let q = -10868 - -10918. What is the highest common divisor of 558 and q?
2
Suppose -5*y = 5*n - 50, -5*y + 2*y = -n - 10. Suppose 0 = -n*m - 5*c + 176 - 21, 4*m + c - 112 = 0. What is the greatest common factor of m and 63?
9
Let r(i) = i**2 - 3*i - 3. Let z = -2 - -7. Let a be r(z). Suppose a*q = -0*q + 84. What is the greatest common factor of 3 and q?
3
Let i be 11/5 + 4/(-20). Suppose 362 = -0